[INFO] cloning repository https://github.com/adityaxdiwakar/nano-url
[INFO] running `Command { std: "git" "-c" "credential.helper=" "-c" "credential.helper=/workspace/cargo-home/bin/git-credential-null" "clone" "--bare" "https://github.com/adityaxdiwakar/nano-url" "/workspace/cache/git-repos/https%3A%2F%2Fgithub.com%2Fadityaxdiwakar%2Fnano-url", kill_on_drop: false }`
[INFO] [stderr] Cloning into bare repository '/workspace/cache/git-repos/https%3A%2F%2Fgithub.com%2Fadityaxdiwakar%2Fnano-url'...
[INFO] running `Command { std: "git" "rev-parse" "HEAD", kill_on_drop: false }`
[INFO] [stdout] ed4a275ab111c05b1e15b1bea264af4f5a780e28
[INFO] checking adityaxdiwakar/nano-url against try#72f88fc4e9458f89516a0b8b0868f3718aec5b47 for pr-74989
[INFO] running `Command { std: "git" "clone" "/workspace/cache/git-repos/https%3A%2F%2Fgithub.com%2Fadityaxdiwakar%2Fnano-url" "/workspace/builds/worker-3/source", kill_on_drop: false }`
[INFO] [stderr] Cloning into '/workspace/builds/worker-3/source'...
[INFO] [stderr] done.
[INFO] validating manifest of git repo https://github.com/adityaxdiwakar/nano-url on toolchain 72f88fc4e9458f89516a0b8b0868f3718aec5b47
[INFO] running `Command { std: "/workspace/cargo-home/bin/cargo" "+72f88fc4e9458f89516a0b8b0868f3718aec5b47" "read-manifest" "--manifest-path" "Cargo.toml", kill_on_drop: false }`
[INFO] started tweaking git repo https://github.com/adityaxdiwakar/nano-url
[INFO] finished tweaking git repo https://github.com/adityaxdiwakar/nano-url
[INFO] tweaked toml for git repo https://github.com/adityaxdiwakar/nano-url written to /workspace/builds/worker-3/source/Cargo.toml
[INFO] crate git repo https://github.com/adityaxdiwakar/nano-url already has a lockfile, it will not be regenerated
[INFO] running `Command { std: "/workspace/cargo-home/bin/cargo" "+72f88fc4e9458f89516a0b8b0868f3718aec5b47" "fetch" "--locked" "--manifest-path" "Cargo.toml", kill_on_drop: false }`
[INFO] [stderr]  Downloading crates ...
[INFO] [stderr]   Downloaded nanoid v0.3.0
[INFO] running `Command { std: "docker" "create" "-v" "/var/lib/crater-agent-workspace/builds/worker-3/target:/opt/rustwide/target:rw,Z" "-v" "/var/lib/crater-agent-workspace/builds/worker-3/source:/opt/rustwide/workdir:ro,Z" "-v" "/var/lib/crater-agent-workspace/cargo-home:/opt/rustwide/cargo-home:ro,Z" "-v" "/var/lib/crater-agent-workspace/rustup-home:/opt/rustwide/rustup-home:ro,Z" "-e" "SOURCE_DIR=/opt/rustwide/workdir" "-e" "CARGO_TARGET_DIR=/opt/rustwide/target" "-e" "CARGO_HOME=/opt/rustwide/cargo-home" "-e" "RUSTUP_HOME=/opt/rustwide/rustup-home" "-w" "/opt/rustwide/workdir" "-m" "1610612736" "--user" "0:0" "--network" "none" "rustops/crates-build-env@sha256:d92eaeed33fa75130ca1ee6c8a01d1ffb62bac859dfdfb3450e3e5d1c0146529" "/opt/rustwide/cargo-home/bin/cargo" "+72f88fc4e9458f89516a0b8b0868f3718aec5b47" "metadata" "--no-deps" "--format-version=1", kill_on_drop: false }`
[INFO] [stderr] WARNING: Your kernel does not support swap limit capabilities or the cgroup is not mounted. Memory limited without swap.
[INFO] [stdout] 93bcdbb2e20f9d364583df8f79bd6dbbc871e5aa38c20f024365ff9c974faa14
[INFO] running `Command { std: "docker" "start" "-a" "93bcdbb2e20f9d364583df8f79bd6dbbc871e5aa38c20f024365ff9c974faa14", kill_on_drop: false }`
[INFO] running `Command { std: "docker" "inspect" "93bcdbb2e20f9d364583df8f79bd6dbbc871e5aa38c20f024365ff9c974faa14", kill_on_drop: false }`
[INFO] running `Command { std: "docker" "rm" "-f" "93bcdbb2e20f9d364583df8f79bd6dbbc871e5aa38c20f024365ff9c974faa14", kill_on_drop: false }`
[INFO] [stdout] 93bcdbb2e20f9d364583df8f79bd6dbbc871e5aa38c20f024365ff9c974faa14
[INFO] running `Command { std: "docker" "create" "-v" "/var/lib/crater-agent-workspace/builds/worker-3/target:/opt/rustwide/target:rw,Z" "-v" "/var/lib/crater-agent-workspace/builds/worker-3/source:/opt/rustwide/workdir:ro,Z" "-v" "/var/lib/crater-agent-workspace/cargo-home:/opt/rustwide/cargo-home:ro,Z" "-v" "/var/lib/crater-agent-workspace/rustup-home:/opt/rustwide/rustup-home:ro,Z" "-e" "SOURCE_DIR=/opt/rustwide/workdir" "-e" "CARGO_TARGET_DIR=/opt/rustwide/target" "-e" "CARGO_INCREMENTAL=0" "-e" "RUST_BACKTRACE=full" "-e" "RUSTFLAGS=--cap-lints=forbid" "-e" "CARGO_HOME=/opt/rustwide/cargo-home" "-e" "RUSTUP_HOME=/opt/rustwide/rustup-home" "-w" "/opt/rustwide/workdir" "-m" "1610612736" "--user" "0:0" "--network" "none" "rustops/crates-build-env@sha256:d92eaeed33fa75130ca1ee6c8a01d1ffb62bac859dfdfb3450e3e5d1c0146529" "/opt/rustwide/cargo-home/bin/cargo" "+72f88fc4e9458f89516a0b8b0868f3718aec5b47" "check" "--frozen" "--all" "--all-targets" "--message-format=json", kill_on_drop: false }`
[INFO] [stdout] 3b2fc77f774a3e9c2a1bbf590f8be86fa4e8cfdd7a204464d524c4eb537e9c20
[INFO] [stderr] WARNING: Your kernel does not support swap limit capabilities or the cgroup is not mounted. Memory limited without swap.
[INFO] running `Command { std: "docker" "start" "-a" "3b2fc77f774a3e9c2a1bbf590f8be86fa4e8cfdd7a204464d524c4eb537e9c20", kill_on_drop: false }`
[INFO] [stderr]    Compiling libc v0.2.71
[INFO] [stderr]    Compiling byteorder v1.3.4
[INFO] [stderr]     Checking cfg-if v0.1.10
[INFO] [stderr]    Compiling bitflags v1.2.1
[INFO] [stderr]     Checking rand_core v0.4.2
[INFO] [stderr]    Compiling proc-macro2 v1.0.18
[INFO] [stderr]    Compiling autocfg v0.1.7
[INFO] [stderr]    Compiling unicode-xid v0.2.0
[INFO] [stderr]    Compiling autocfg v1.0.0
[INFO] [stderr]    Compiling syn v1.0.33
[INFO] [stderr]    Compiling serde_derive v1.0.114
[INFO] [stderr]    Compiling serde v1.0.114
[INFO] [stderr]    Compiling base64 v0.12.2
[INFO] [stderr]    Compiling ryu v1.0.5
[INFO] [stderr]     Checking slab v0.4.2
[INFO] [stderr]    Compiling smallvec v1.4.0
[INFO] [stderr]     Checking same-file v1.0.6
[INFO] [stderr]    Compiling serde_json v1.0.55
[INFO] [stderr]     Checking lazycell v1.2.1
[INFO] [stderr]     Checking itoa v0.4.6
[INFO] [stderr]     Checking rand_core v0.3.1
[INFO] [stderr]     Checking rand_jitter v0.1.4
[INFO] [stderr]     Checking walkdir v2.3.1
[INFO] [stderr]     Checking log v0.4.8
[INFO] [stderr]     Checking rand_xorshift v0.1.1
[INFO] [stderr]     Checking rand_isaac v0.1.1
[INFO] [stderr]     Checking rand_hc v0.1.0
[INFO] [stderr]     Checking polyval v0.3.3
[INFO] [stderr]    Compiling devise_core v0.2.0
[INFO] [stderr]     Checking log v0.3.9
[INFO] [stderr]    Compiling rand_pcg v0.1.2
[INFO] [stderr]    Compiling rand_chacha v0.1.1
[INFO] [stderr]    Compiling rand v0.6.5
[INFO] [stderr]    Compiling indexmap v1.4.0
[INFO] [stderr]     Checking ghash v0.2.3
[INFO] [stderr]     Checking mime v0.2.6
[INFO] [stderr]     Checking aes-soft v0.3.3
[INFO] [stderr]     Checking block-buffer v0.7.3
[INFO] [stderr]     Checking base64 v0.9.3
[INFO] [stderr]     Checking getrandom v0.1.14
[INFO] [stderr]     Checking time v0.1.43
[INFO] [stderr]     Checking iovec v0.1.4
[INFO] [stderr]     Checking net2 v0.2.34
[INFO] [stderr]     Checking num_cpus v1.13.0
[INFO] [stderr]     Checking inotify-sys v0.1.3
[INFO] [stderr]     Checking rand_os v0.1.3
[INFO] [stderr]     Checking filetime v0.2.10
[INFO] [stderr]     Checking atty v0.2.14
[INFO] [stderr]    Compiling quote v1.0.7
[INFO] [stderr]     Checking sha2 v0.8.2
[INFO] [stderr]     Checking rand_core v0.5.1
[INFO] [stderr]     Checking aes v0.3.2
[INFO] [stderr]     Checking inotify v0.7.1
[INFO] [stderr]     Checking hyper v0.10.16
[INFO] [stderr]     Checking mio v0.6.22
[INFO] [stderr]     Checking aes-gcm v0.5.0
[INFO] [stderr]     Checking rand_chacha v0.2.2
[INFO] [stderr]     Checking rand v0.7.3
[INFO] [stderr]    Compiling devise_codegen v0.2.0
[INFO] [stderr]     Checking mio-extras v2.0.6
[INFO] [stderr]     Checking nanoid v0.3.0
[INFO] [stderr]     Checking notify v4.0.15
[INFO] [stderr]     Checking cookie v0.11.3
[INFO] [stderr]    Compiling devise v0.2.0
[INFO] [stderr]     Checking rocket_http v0.4.5
[INFO] [stderr]    Compiling rocket_codegen v0.4.5
[INFO] [stderr]     Checking toml v0.4.10
[INFO] [stderr]     Checking rocket v0.4.5
[INFO] [stderr]     Checking rocket_contrib v0.4.5
[INFO] [stderr]     Checking nano-url v0.1.0 (/opt/rustwide/workdir)
[INFO] [stdout] error[E0412]: cannot find type `T` in this scope
[INFO] [stdout]   --> src/main.rs:36:40
[INFO] [stdout]    |
[INFO] [stdout] 36 | impl<'r> Responder<'r> for ApiResponse<T> {
[INFO] [stdout]    |                                        ^ not found in this scope
[INFO] [stdout] 
[INFO] [stdout] 
[INFO] [stdout] warning: unused import: `self`
[INFO] [stdout]  --> src/main.rs:6:23
[INFO] [stdout]   |
[INFO] [stdout] 6 | use rocket::request::{self, Request};
[INFO] [stdout]   |                       ^^^^
[INFO] [stdout]   |
[INFO] [stdout]   = note: `#[warn(unused_imports)]` on by default
[INFO] [stdout] 
[INFO] [stdout] 
[INFO] [stdout] warning: unused import: `ContentType`
[INFO] [stdout]  --> src/main.rs:7:20
[INFO] [stdout]   |
[INFO] [stdout] 7 | use rocket::http::{ContentType, Status};
[INFO] [stdout]   |                    ^^^^^^^^^^^
[INFO] [stdout] 
[INFO] [stdout] 
[INFO] [stdout] error[E0412]: cannot find type `T` in this scope
[INFO] [stdout]   --> src/main.rs:36:40
[INFO] [stdout]    |
[INFO] [stdout] 36 | impl<'r> Responder<'r> for ApiResponse<T> {
[INFO] [stdout]    |                                        ^ not found in this scope
[INFO] [stdout] 
[INFO] [stdout] 
[INFO] [stdout] warning: unused import: `self`
[INFO] [stdout]  --> src/main.rs:6:23
[INFO] [stdout]   |
[INFO] [stdout] 6 | use rocket::request::{self, Request};
[INFO] [stdout]   |                       ^^^^
[INFO] [stdout]   |
[INFO] [stdout]   = note: `#[warn(unused_imports)]` on by default
[INFO] [stdout] 
[INFO] [stdout] 
[INFO] [stdout] warning: unused import: `ContentType`
[INFO] [stdout]  --> src/main.rs:7:20
[INFO] [stdout]   |
[INFO] [stdout] 7 | use rocket::http::{ContentType, Status};
[INFO] [stdout]   |                    ^^^^^^^^^^^
[INFO] [stdout] 
[INFO] [stdout] 
[INFO] [stdout] error[E0117]: only traits defined in the current crate can be implemented for arbitrary types
[INFO] [stdout]   --> src/main.rs:36:1
[INFO] [stdout]    |
[INFO] [stdout] 36 | impl<'r> Responder<'r> for ApiResponse<T> {
[INFO] [stdout]    | ^^^^^^^^^^^^^^^^^^^^^^^^^^^--------------
[INFO] [stdout]    | |                          |
[INFO] [stdout]    | |                          `std::result::Result` is not defined in the current crate
[INFO] [stdout]    | impl doesn't use only types from inside the current crate
[INFO] [stdout]    |
[INFO] [stdout]    = note: define and implement a trait or new type instead
[INFO] [stdout] 
[INFO] [stdout] 
[INFO] [stdout] error: aborting due to 2 previous errors; 2 warnings emitted
[INFO] [stdout] 
[INFO] [stdout] 
[INFO] [stdout] Some errors have detailed explanations: E0117, E0412.
[INFO] [stdout] 
[INFO] [stdout] For more information about an error, try `rustc --explain E0117`.
[INFO] [stdout] 
[INFO] [stdout] error[E0117]: only traits defined in the current crate can be implemented for arbitrary types
[INFO] [stdout]   --> src/main.rs:36:1
[INFO] [stdout]    |
[INFO] [stdout] 36 | impl<'r> Responder<'r> for ApiResponse<T> {
[INFO] [stdout]    | ^^^^^^^^^^^^^^^^^^^^^^^^^^^--------------
[INFO] [stdout]    | |                          |
[INFO] [stdout]    | |                          `std::result::Result` is not defined in the current crate
[INFO] [stdout]    | impl doesn't use only types from inside the current crate
[INFO] [stdout]    |
[INFO] [stdout]    = note: define and implement a trait or new type instead
[INFO] [stdout] 
[INFO] [stdout] 
[INFO] [stderr] error: could not compile `nano-url`.
[INFO] [stderr] 
[INFO] [stderr] To learn more, run the command again with --verbose.
[INFO] [stderr] warning: build failed, waiting for other jobs to finish...
[INFO] [stdout] error: aborting due to 2 previous errors; 2 warnings emitted
[INFO] [stdout] 
[INFO] [stdout] 
[INFO] [stdout] Some errors have detailed explanations: E0117, E0412.
[INFO] [stdout] 
[INFO] [stdout] For more information about an error, try `rustc --explain E0117`.
[INFO] [stdout] 
[INFO] [stderr] error: build failed
[INFO] running `Command { std: "docker" "inspect" "3b2fc77f774a3e9c2a1bbf590f8be86fa4e8cfdd7a204464d524c4eb537e9c20", kill_on_drop: false }`
[INFO] running `Command { std: "docker" "rm" "-f" "3b2fc77f774a3e9c2a1bbf590f8be86fa4e8cfdd7a204464d524c4eb537e9c20", kill_on_drop: false }`
[INFO] [stdout] 3b2fc77f774a3e9c2a1bbf590f8be86fa4e8cfdd7a204464d524c4eb537e9c20
